{"id":11,"date":"2017-01-08T14:46:47","date_gmt":"2017-01-08T14:46:47","guid":{"rendered":"http:\/\/wordpress.postillion-tegernsee.de\/?page_id=11"},"modified":"2022-03-31T19:44:38","modified_gmt":"2022-03-31T19:44:38","slug":"restaurant","status":"publish","type":"page","link":"http:\/\/postillion-tegernsee.de\/?page_id=11","title":{"rendered":"Herzlich Willkommen im Postillion"},"content":{"rendered":"<p style=\"text-align: center;\">Wir freuen uns sehr, Sie bei uns begr\u00fc\u00dfen zu d\u00fcrfen!<\/p>\n<p style=\"text-align: center;\">Wir laden Sie herzlichst zu bayerischen Schmankerln und<br \/>\nsaisonalen Spezialit\u00e4ten ein.<\/p>\n<p style=\"text-align: center;\">Das Postillion im Herzen Rottach-Egerns ist auf alle F\u00e4lle einen Besuch wert. Egal ob Sie eine kleine St\u00e4rkung vor, w\u00e4hrend oder nach Ihrem Einkaufsbummel zum Anlass nehmen oder ein sch\u00f6nes Mittag- bzw. Abendessen genie\u00dfen m\u00f6chten, das Postillion bietet Ihnen ein traditionell- gem\u00fctliches Ambiente zum Wohlf\u00fchlen.<br \/>\nSelbstverst\u00e4ndlich bietet Ihnen das Postillion auch f\u00fcr jeden Anlass den perfekten Ort. Mit Platz f\u00fcr bis zu 70 G\u00e4sten im Restaurant und einer idyllischen Terrasse wird jede Feier zu etwas Besonderem, in wunderbarer Atmosph\u00e4re wo Sie beschaulich im kleinen Rahmen oder exklusiv in geschlossener Gesellschaft feiern k\u00f6nnen.<\/p>\n","protected":false},"excerpt":{"rendered":"<p>Wir freuen uns sehr, Sie bei uns begr\u00fc\u00dfen zu d\u00fcrfen! Wir laden Sie herzlichst zu bayerischen Schmankerln und saisonalen Spezialit\u00e4ten ein. Das Postillion im Herzen Rottach-Egerns ist auf alle F\u00e4lle einen Besuch wert. Egal ob Sie eine kleine St\u00e4rkung vor,<\/p>\n","protected":false},"author":2,"featured_media":0,"parent":6,"menu_order":0,"comment_status":"closed","ping_status":"closed","template":"","meta":[],"_links":{"self":[{"href":"http:\/\/postillion-tegernsee.de\/index.php?rest_route=\/wp\/v2\/pages\/11"}],"collection":[{"href":"http:\/\/postillion-tegernsee.de\/index.php?rest_route=\/wp\/v2\/pages"}],"about":[{"href":"http:\/\/postillion-tegernsee.de\/index.php?rest_route=\/wp\/v2\/types\/page"}],"author":[{"embeddable":true,"href":"http:\/\/postillion-tegernsee.de\/index.php?rest_route=\/wp\/v2\/users\/2"}],"replies":[{"embeddable":true,"href":"http:\/\/postillion-tegernsee.de\/index.php?rest_route=%2Fwp%2Fv2%2Fcomments&post=11"}],"version-history":[{"count":14,"href":"http:\/\/postillion-tegernsee.de\/index.php?rest_route=\/wp\/v2\/pages\/11\/revisions"}],"predecessor-version":[{"id":837,"href":"http:\/\/postillion-tegernsee.de\/index.php?rest_route=\/wp\/v2\/pages\/11\/revisions\/837"}],"up":[{"embeddable":true,"href":"http:\/\/postillion-tegernsee.de\/index.php?rest_route=\/wp\/v2\/pages\/6"}],"wp:attachment":[{"href":"http:\/\/postillion-tegernsee.de\/index.php?rest_route=%2Fwp%2Fv2%2Fmedia&parent=11"}],"curies":[{"name":"wp","href":"https:\/\/api.w.org\/{rel}","templated":true}]}}